{"id":2,"date":"2025-02-18T17:13:49","date_gmt":"2025-02-18T16:13:49","guid":{"rendered":"http:\/\/lmpw.fr\/?page_id=2"},"modified":"2025-02-27T13:09:15","modified_gmt":"2025-02-27T12:09:15","slug":"page-d-exemple","status":"publish","type":"page","link":"https:\/\/lmpw.fr\/index.php\/page-d-exemple\/","title":{"rendered":"Site en construction \ud83d\udea7"},"content":{"rendered":"\n<p>Merci pour votre visite ! Le site est en construction pour le moment.<\/p>\n\n\n\n<p>Je suis disponible via email, t\u00e9l\u00e9phone ou depuis <a href=\"https:\/\/www.linkedin.com\/in\/linkedinstephanen\/\">LinkedIn<\/a>.<\/p>\n\n\n\n<p><em>&#8211; St\u00e9phane Nicolas<\/em><\/p>\n","protected":false},"excerpt":{"rendered":"<p>Merci pour votre visite ! Le site est en construction pour le moment. Je suis disponible via email, t\u00e9l\u00e9phone ou depuis LinkedIn. &#8211; St\u00e9phane Nicolas<\/p>\n","protected":false},"author":1,"featured_media":0,"parent":0,"menu_order":0,"comment_status":"closed","ping_status":"open","template":"","meta":{"footnotes":""},"class_list":["post-2","page","type-page","status-publish","hentry"],"_links":{"self":[{"href":"https:\/\/lmpw.fr\/index.php\/wp-json\/wp\/v2\/pages\/2","targetHints":{"allow":["GET"]}}],"collection":[{"href":"https:\/\/lmpw.fr\/index.php\/wp-json\/wp\/v2\/pages"}],"about":[{"href":"https:\/\/lmpw.fr\/index.php\/wp-json\/wp\/v2\/types\/page"}],"author":[{"embeddable":true,"href":"https:\/\/lmpw.fr\/index.php\/wp-json\/wp\/v2\/users\/1"}],"replies":[{"embeddable":true,"href":"https:\/\/lmpw.fr\/index.php\/wp-json\/wp\/v2\/comments?post=2"}],"version-history":[{"count":1,"href":"https:\/\/lmpw.fr\/index.php\/wp-json\/wp\/v2\/pages\/2\/revisions"}],"predecessor-version":[{"id":9,"href":"https:\/\/lmpw.fr\/index.php\/wp-json\/wp\/v2\/pages\/2\/revisions\/9"}],"wp:attachment":[{"href":"https:\/\/lmpw.fr\/index.php\/wp-json\/wp\/v2\/media?parent=2"}],"curies":[{"name":"wp","href":"https:\/\/api.w.org\/{rel}","templated":true}]}}